
9
Let c(t) = t**3 + 2*t**2 - 15*t - 14. Determine c(-4).
14
Let k(n) = -n**3 - 5*n**2 - 5*n + 1. Calculate k(-4).
5
Let r(c) = c**2 + 458*c - 10552. Calculate r(22).
8
Let b(y) = -18*y + 807. Calculate b(46).
-21
Let r(a) = 115*a + 949. Give r(-7).
144
Let s(n) = 27*n + 310. Determine s(-12).
-14
Let f(c) = -2*c**3 + 193*c**2 - 72*c - 2287. Calculate f(96).
17
Let d(k) = -5*k**2 - 298*k - 189. Calculate d(-59).
-12
Let a(j) = -2*j**2 - 11*j + 7. What is a(-5)?
12
Let c(n) = -2*n**3 + n**2 + 15*n - 6. Determine c(-3).
12
Let b(m) = -m**3 - 52*m**2 - 196*m - 221. Give b(-48).
-29
Let q(l) = -l**2 + 69*l - 648. What is q(12)?
36
Let p(j) = -2*j**2 - 212*j - 1189. Calculate p(-6).
11
Let v(j) = 4*j**3 - 2*j**2 - 2*j. Calculate v(-3).
-120
Let p(a) = 2*a**3 - 60*a**2 + 59*a - 32. Determine p(29).
-3
Let t(n) = -n**2 + 3*n + 71. What is t(-8)?
-17
Let h(o) = 77*o**2 - 3*o - 15. What is h(-2)?
299
Let s(j) = -66*j + 186. Calculate s(-9).
780
Let a(b) = -2*b**3 + 7*b**2 + 6*b - 28. Calculate a(4).
-20
Let b(n) = -4*n**2 - 149*n + 636. What is b(4)?
-24
Let b(g) = -43*g + 646. Calculate b(16).
-42
Let a(p) = -3*p**3 - 19*p**2 + 3*p + 12. Give a(-7).
89
Let v(i) = i**2 + 14562*i - 204074. Determine v(14).
-10
Let q(s) = -s**2 + 14*s + 98. Give q(-5).
3
Let t(y) = -y**3 - 83*y**2 + 80*y - 591. Determine t(-84).
-255
Let q(p) = -69*p + 1930. Determine q(28).
-2
Let w(h) = -43*h - 549. Determine w(-13).
10
Let y(q) = -q**3 + 11*q**2 + 33*q + 14. What is y(-2)?
0
Let j(z) = -17*z**2 - 12*z + 12. Calculate j(-3).
-105
Let l(c) = c**3 - 5*c**2 - 47*c + 69. Calculate l(12).
513
Let y(g) = 38*g - 1421. Determine y(37).
-15
Let w(y) = -5*y**2 - 218*y - 534. What is w(-41)?
-1
Let g(j) = -5*j**2 - 39*j + 7. Determine g(-8).
-1
Let l(b) = -3*b**2 - 893*b + 7228. Determine l(8).
-108
Let a(d) = -d**2 - 29*d + 160. Determine a(17).
-622
Let j(l) = 4*l**2 - 118*l + 18. Calculate j(26).
-346
Let w(d) = 2452*d + 14743. Calculate w(-6).
31
Let j(v) = 5065*v - 70900. What is j(14)?
10
Let u(s) = -183*s - 2186. Give u(-12).
10
Let o(w) = 8*w**2 - 425*w - 124. What is o(54)?
254
Let u(z) = -3*z**3 - 2*z**2 + z + 138. Give u(0).
138
Let q(a) = -a**3 - 15*a**2 - 44*a + 58. Determine q(-10).
-2
Let r(f) = -268*f + 3534. What is r(13)?
50
Let x(t) = 40*t + 2863. What is x(-73)?
-57
Let k(i) = 7*i**3 - 587*i**2 - 78*i - 509. Calculate k(84).
-5
Let t(k) = -8*k**2 - 117*k - 412. Calculate t(-7).
15
Let p(f) = 3*f**3 + 16*f**2 - 137*f + 24. Calculate p(-10).
-6
Let t(d) = 25*d + 69. Determine t(-4).
-31
Let x(b) = -b**2 - 272*b + 29887. Calculate x(84).
-17
Let m(g) = -137*g + 261. Calculate m(2).
-13
Let a(z) = -49*z + 65. Determine a(9).
-376
Let x(o) = -1038*o + 3106. What is x(3)?
-8
Let f(u) = -u**2 + 34*u + 81. What is f(36)?
9
Let j(a) = 161*a**2 + 2*a - 4. Determine j(2).
644
Let b(d) = -3*d**3 + 307*d**2 - 97*d - 507. What is b(102)?
3
Let a(i) = 98*i + 2474. Determine a(-25).
24
Let a(d) = -d**2 - 50*d - 104. Calculate a(-48).
-8
Let r(z) = -9*z**3 - 47*z**2 - 6*z + 10. Determine r(-5).
-10
Let n(r) = 34*r**2 - 4616*r - 1095. Determine n(136).
-7
Let k(t) = t**2 + 41*t - 116. Determine k(-44).
16
Let d(f) = f**3 - 16*f**2 - 23*f + 35. Give d(17).
-67
Let w(a) = 12*a - 6. Determine w(2).
18
Let a(v) = -2*v**2 + 84*v - 303. What is a(4)?
1
Let r(i) = 12*i - 365. Calculate r(42).
139
Let q(f) = -f**3 + 45*f - 147. What is q(4)?
-31
Let h(r) = -75*r + 1985. Calculate h(26).
35
Let k(t) = t**2 - 6*t - 59. What is k(-7)?
32
Let b(l) = -213*l - 2130. Give b(-10).
0
Let y(q) = -7*q**2 + 10*q + 275. Determine y(7).
2
Let z(a) = -a**2 - 121*a + 4376. Calculate z(-151).
-154
Let l(j) = j**3 + 195*j**2 + 2522*j - 2172. Determine l(-181).
0
Let a(f) = 23*f**2 - 3*f + 1. Determine a(-1).
27
Let o(j) = -j**2 - 13*j - 18. Calculate o(-11).
4
Let c(x) = -529*x - 8472. What is c(-16)?
-8
Let j(x) = 3*x**2 + 860*x - 40667. Give j(-328).
5
Let w(c) = 2*c + 24. Calculate w(-9).
6
Let p(r) = -4*r**3 + 96*r**2 + 9*r + 91. Give p(24).
307
Let z(n) = n**3 + 9*n**2 + 38*n + 488. What is z(-10)?
8
Let p(u) = -u**2 + 117*u + 4589. What is p(-31)?
1
Let k(y) = 2*y**2 - 5*y - 3. What is k(2)?
-5
Let o(b) = 69*b**2 - 220*b. Give o(3).
-39
Let i(f) = -23*f + 29. Calculate i(2).
-17
Let v(h) = -h**3 - 51*h**2 - 439*h + 11. What is v(-11)?
0
Let a(u) = 6*u - 193. Determine a(51).
113
Let k(t) = 11*t**3 + 96*t**2 - 32*t - 46. What is k(-9)?
-1
Let s(u) = -u**3 + 8*u**2 + 15*u + 227. Calculate s(11).
29
Let j(z) = z**3 + 31*z**2 - 31*z + 49. Determine j(-32).
17
Let n(m) = 22*m**3 - 3*m**2 - 3*m - 2. Determine n(-1).
-24
Let a(t) = 3*t**3 + 132*t**2 + 130*t + 31. Determine a(-43).
-12
Let g(k) = -2*k**3 + 84*k**2 - 83*k + 28. Calculate g(41).
-13
Let o(i) = 981*i + 51981. Give o(-53).
-12
Let t(q) = 2*q**2 - 95*q + 1049. Calculate t(30).
-1
Let o(w) = 97*w + 4. Calculate o(-2).
-190
Let o(k) = -33*k**2 - 261*k - 6. Determine o(-8).
-30
Let i(c) = 7*c - 24. Calculate i(5).
11
Let b(n) = -n**3 - 13*n**2 + 2*n + 19. What is b(-15)?
439
Let q(i) = -i**3 + 9*i**2 + 2*i + 2. Calculate q(9).
20
Let o(v) = -v**3 + 10*v**2 + 55*v + 656. Give o(16).
0
Let f(v) = 329*v**2 + 104*v + 106. Determine f(-1).
331
Let j(s) = -4*s**3 + 3*s**2 + 5*s + 4. Determine j(-3).
124
Let l(w) = -62*w + 1070. Calculate l(15).
140
Let y(o) = 11*o**2 - 71*o + 18. Give y(6).
-12
Let z(i) = 394*i - 33879. Give z(86).
5
Let x(r) = -25*r + 365. What is x(15)?
-10
Let r(j) = -j**3 + 2*j**2 - 453*j + 902. Calculate r(2).
-4
Let a(o) = -o**3 + 11*o**2 - 30*o - 10. Determine a(7).
-24
Let s(u) = 2*u**2 + 5*u + 3. Determine s(7).
136
Let v(g) = g**2 - 60*g + 223. Calculate v(56).
-1
Let f(t) = 15*t - 89. Calculate f(-12).
-269
Let h(s) = -s**2 - 124*s + 2062. Determine h(-139).
-23
Let d(t) = 2*t**2 - 14*t - 116. What is d(-5)?
4
Let u(w) = w**3 - 27*w**2 - 12929*w + 148. Give u(128).
20
Let d(g) = -5*g**3 - g**2 - 14*g + 13. Give d(3).
-173
Let b(y) = -2*y**3 - 12*y**2 - 24*y - 69. Calculate b(-5).
1
Let v(n) = -n**2 - 34*n + 5983. Give v(-96).
31
Let o(m) = 3*m**2 - 49*m - 44. What is o(17)?
-10
Let a(b) = b**3 - 14*b**2 + 54*b - 43. What is a(7)?
-8
Let y(i) = i**3 + 6*i**2 - 13*i + 35. Determine y(-8).
11
Let r(y) = 52*y - 261. Determine r(5).
-1
Let g(l) = -l**2 + 44*l - 351. Calculate g(35).
-36
Let l(a) = 105*a - 2996. What is l(27)?
-161
Let l(y) = 18*y - 115. What is l(6)?
-7
Let h(q) = q**2 - 38*q + 125. What is h(4)?
-11
Let c(p) = p**3 + 184*p**2 + 7789*p + 111. Give c(-118).
-7
Let j(q) = -41*q + 33. Determine j(1).
-8
Let u(t) = -96*t + 3271. Give u(34).
7
Let y(x) = -2*x**2 - 83*x + 2238. What is y(19)?
-61
Let v(t) = -t**3 - 23*t**2 + 24*t - 11. Give v(-24).
-11
Let o(p) = -4*p**2 - 31*p + 92. Determine o(-10).
2
Let m(t) = 11*t**3 - 2*t**2 - 5*t + 9. What is m(3)?
273
Let h(n) = 28*n + 4369. Give h(-156).
1
Let u(t) = 2*t**3 - 49*t**2 + 7*t + 399. Give u(24).
-9
Let w(i) = -196*i + 2142. Give w(11).
-14
Let z(p) = 61*p - 1385. Give z(22).
-43
Let f(a) = -8*a + 14. Determine f(18).
-130
Let h(d) = 111*d + 448. What is h(-2)?
226
Let x(z) = 26*z + 1391. Determine x(-35).
481
Let o(s) = -69*s + 78. Determine o(4).
-198
Let b(g) = -525*g**2 - 474*g - 1. What is b(-1)?
-52
Let k(w) = -43*w**3 - 2*w**2 - 50*w - 47. Determine k(-1).
44
Let y(z) = 14*z - 273. What is y(0)?
-273
Let k(n) = 11*n**2 + 14*n - 17. Determine k(1).
8
Let x(o) = -5*o**3 - 38*o**2 + 50*o - 9. Determine x(1).
-2
Let x(h) = -h**3 - 16*h**2 + 41*h - 8. Give x(2).
2
Let i(q) = 9*q**2 - 76*q + 22. Give i(8).
-10
Let p(a) = -76*a - 2762. Determine p(-39).
202
Let f(s) = 2*s**3 + 20*s**2 - 148*s + 45. Give f(-15).
15
Let n(k) = -320*k - 8340. Calculate n(-26).
-20
Let j(m) = -1088*m - 10928. Calculate j(-10).
-48
Let r(t) = -209*t - 421. Calculate r(-2).
-3
Let d(y) = 18*y**3 - 27*y**2 + 9*y + 15. Give d(-3).
-741
Let c(u) = -u**2 + 262*u + 24049. Calculate c(-72).
1
Let v(r) = 79*r + 1210. What is v(-18)?
-212
Let n(o) = -o**2 - 231*o - 1843. Calculate n(-8).
-59
Let o(f) = f**3 - 82*f**2 - 80*f - 274. What is o(83)?
-25
Let l(u) = -4*u**3 + 22*u**2 - 91*u + 57. Determine l(5).
-348
Let i(o) = -386*o + 76802. Determine i(199).
-12
Let t(i) = 13*i**2 - 735*i + 2960. Calculate t(4).
228
Let y(p) = -2*p**3 + 9*p**2 - 246*p + 1241. What is y(5)?
-14
Let n(f) = 13*f 